16*z. What is the highest common divisor of 1127 and z?
49
Let l = 1635 + -643. What is the highest common factor of 64 and l?
32
Let y be -3 + 0 + 4 + 27. Let i = y + -19. Calculate the highest common factor of 63 and i.
9
Suppose 4*a + 2*f - 30 = 0, -24*a - 5*f = -20*a - 15. Calculate the greatest common divisor of 1860 and a.
10
Let i be (4/18 + 60/(-27))*-10. Calculate the highest common divisor of i and 40.
20
Let n(t) = -7*t + 4. Let i be n(-3). Let c = -3745 + 3750. What is the greatest common factor of c and i?
5
Let d be (-116)/(-14) + (3 - (-230)/(-70)). What is the highest common divisor of 18 and d?
2
Let k = -5 + -15. Let w = 68 + k. Suppose 0 = p + 2*p - w. What is the highest common factor of 112 and p?
16
Let x be (-50)/(-5) + 1 + 3. Let b = x + 2. What is the greatest common divisor of 112 and b?
16
Let x(q) = 11*q**2 - 2*q - 345. Let k be x(17). What is the highest common divisor of 70 and k?
70
Suppose -q + 0*q + 34 = c, c - 4 = 0. Suppose -4*a + q = -34. Calculate the greatest common factor of a and 112.
16
Suppose -93 = -7*g + 12. Suppose -3*y - g = -r, 3*r - 33 = 2*y + y. Calculate the greatest common divisor of r and 27.
9
Let a(x) = -x**3 + 9*x**2 - x + 12. Let z be a(9). Suppose 50 = z*g - 70. Calculate the highest common factor of 80 and g.
40
Let k be (-2 + 5)*3/(-9) - -7. Let q be 6/(-2*2/(-12)). What is the greatest common divisor of k and q?
6
Let p(b) = -2*b**2 + 7*b. Let x be p(5). Let q(o) = o + 29. Let t be q(x). What is the greatest common divisor of 35 and t?
7
Suppose -305*f + 4392 = -244*f. Calculate the highest common divisor of 216 and f.
72
Let f be 12/(-42) - (1390/14)/(-1). Let i be -11 - -12 - 2*-4. Calculate the greatest common divisor of f and i.
9
Let h = 24 + -2. Suppose 3 = 5*a - h. Suppose a = 2*l - 9. What is the highest common factor of 14 and l?
7
Suppose -5*u + 3*q + 5 = -4, 2 = q. Suppose -5*n = 3*x - 2*x - 44, u*x - 56 = 4*n. Calculate the highest common divisor of x and 2.
2
Let b = 1171 + -619. Calculate the greatest common divisor of 24 and b.
24
Let k(p) = p**3 + p**2 - 2*p. Let s be k(3). Suppose 2*h + 4*z + 4 = -6, 12 = 3*h - 3*z. Let b be (-1)/(-2*h/30). What is the highest common divisor of b and s?
15
Let z = 9 + -8. What is the highest common factor of z and 16?
1
Let l be -3 + 10/3 + (-104)/(-3). Calculate the greatest common divisor of l and 40.
5
Suppose 5*d + 263 = 3*w, -21*w + 25*w + 2*d - 368 = 0. Calculate the greatest common factor of 21 and w.
7
Let s be (-88)/9 + (-6)/27. Let l = -8 - s. Let j = 10 + l. What is the highest common divisor of j and 30?
6
Let m be (141/13 - -2) + (-6)/(-39). Calculate the greatest common divisor of 351 and m.
13
Let u = 104 + -96. Suppose 3*y + 1240 = u*y. What is the highest common factor of 31 and y?
31
Let i(f) = 13*f**2 - 6*f - 88. Let s be i(10). What is the highest common divisor of s and 9?
9
Let d(s) = s**3 + 140 - 58 - 67. Let c be d(0). What is the greatest common divisor of 12 and c?
3
Suppose 110*t - 115*t = -45. Let q = 57 - t. Calculate the greatest common divisor of q and 6.
6
Suppose -3*z = -5*s - 181, 4*s - 210 = -5*z + 30. Let w = -87 + z. Let d = w - -37. What is the highest common divisor of 2 and d?
2
Let w = 172 - 94. Suppose 3*p - 9*p = 0. Suppose -34*k + 36*k - 104 = p. What is the greatest common factor of k and w?
26
Let w(t) be the second derivative of 0 + 1/12*t**4 + 2*t**2 - 4*t + 1/2*t**3. Let l be w(-5). Calculate the greatest common divisor of 42 and l.
14
Let s be 75*(1/(-3))/(1/(-3)). Calculate the highest common factor of 375 and s.
75
Let b(g) = g**3 - g**2 + g + 10. Let z be b(0). Let i(y) = y + 13. Let m be i(12). Calculate the highest common divisor of z and m.
5
Let f = -8 - 4. Let n = f - -30. Suppose 2*q = 4*y + 2, -17*q - 5 = -18*q + y. Calculate the highest common factor of q and n.
9
Let c = -255 + 453. Suppose 0 = 3*p - p - c. Let y = p + -54. Calculate the greatest common divisor of 5 and y.
5
Suppose 21*m = 26*m + 2*q - 66, -q = 2*m - 27. Calculate the greatest common factor of 32 and m.
4
Suppose 33 = 2*u - 5*m, 0 = 4*u + 4*m + m - 111. Calculate the greatest common divisor of 60 and u.
12
Let a be (-3)/(6/(-15) - -1). Let m(z) = 4*z - 8. Let t be m(a). Let g be (-3)/(3/t) - 4. What is the highest common factor of g and 24?
24
Let j = 218 - 119. Let q be 1387/133 + (-4)/(-7). What is the greatest common factor of q and j?
11
Let i(a) = a**2 + a - 28. Let x be i(-6). Suppose 0 = -4*u - x*z - z + 153, 0 = 3*u - 5*z - 151. Calculate the greatest common divisor of 105 and u.
21
Let g be ((-5)/2)/(-2 - 232/(-112)). Let x be 50/(-4)*(6 + 238/g). What is the greatest common divisor of x and 10?
10
Let y = -596 - -604. Let h = -1 + 3. Suppose h*x - 7*x - 5*l + 30 = 0, -4*x + 10 = -3*l. Calculate the highest common divisor of x and y.
4
Suppose -47 = -10*t + 673. Calculate the highest common factor of 36 and t.
36
Suppose -b = 2*h + 2 - 3, -b + 10 = 5*h. Let q = -4 + 13. Calculate the highest common divisor of h and q.
3
Let r be 20 + 19/(19/4). What is the greatest common divisor of r and 384?
24
Let f(p) = 55*p - 43. Let i be f(-9). Let h be (4/(-2) - i/5)*5. Calculate the highest common divisor of 48 and h.
48
Suppose 5*h = w - 0 - 3, -2*h = -2. Let z = 60 + w. Calculate the greatest common divisor of 17 and z.
17
Let h be 19614/66 - 10/55. Calculate the greatest common factor of h and 22.
11
Suppose -10*c - 14*c = -504. Calculate the highest common divisor of 9 and c.
3
Let o(a) = -7*a - 21. Let z be o(-8). Suppose 0 = 4*x + n - 94 - z, 5*x + 5*n = 180. What is the highest common factor of x and 93?
31
Let i = -113 - -117. Suppose -2*n + 12 = -2*u - 0, n = -2*u - 9. What is the highest common factor of i and n?
1
Let p be (-565)/(-35) - (-2)/(-14). Calculate the greatest common divisor of p and 4.
4
Suppose 870 = 5*v - 5*n, -5*v + 259 + 631 = 5*n. What is the highest common factor of v and 110?
22
Let z be 2/(3 - 2) - 3 - -2. Suppose 2*u - z = 29. What is the highest common factor of 3 and u?
3
Suppose 0 = 4*v + d - 0*d - 14, 0 = -2*v + 5*d - 4. Suppose 2*z + v*p - 29 = 0, 3*z + 3*p - 46 = p. Calculate the highest common divisor of 2 and z.
2
Let b be 0 + (-193)/(-15) + 2/15. Suppose -b*m + 11*m = -70. Calculate the highest common factor of m and 140.
35
Suppose -30 = -3*p + b + 47, -b = -p + 25. Suppose -2*w - 104 = -3*w. Calculate the greatest common factor of w and p.
26
Suppose 0 = -4*p + 36. Suppose -d = -0*d. Suppose d = -5*t + 6*t - p. Calculate the greatest common divisor of 54 and t.
9
Suppose -12 = -4*b - 0*b. Suppose -4*s + b = -13. Let d be (-1)/s - (-25)/20. What is the greatest common factor of d and 10?
1
Suppose 52 = m + j - 93, -2*j = -5*m + 718. What is the highest common factor of m and 108?
36
Let v be (-3)/(6/1) + (-162)/(-4). Suppose -4*d + 77 = -r, -r = -1 - 2. Calculate the highest common factor of v and d.
20
Let b = -1 - -1. Let x(n) = -8*n - 43. Let c be x(-6). Suppose -j + 29 - c = b. What is the greatest common factor of 120 and j?
24
Suppose -75 = -5*k + 3*q, 2*k + 3*q - 15 - 15 = 0. What is the greatest common factor of k and 105?
15
Let b be 79 - 4 - 20/(-4). Calculate the highest common divisor of 15 and b.
5
Let l = -72 - -296. Suppose -l + 80 = -4*j. Let p(y) = -y**3 + 4*y**2 + 15*y - 14. Let k be p(6). Calculate the greatest common divisor of j and k.
4
Suppose 3*n = -2*v + 30, -3*v + n = 6 - 51. Suppose 2*p - s - 14 = -p, p - 8 = -3*s. What is the greatest common factor of p and v?
5
Let j(n) = -n**2 + 8*n + 4. Let x be j(-6). Let a be x/6*(-6)/(-4). Let c = a - -74. Calculate the greatest common factor of 135 and c.
27
Suppose -5*n + 5 = -5. Suppose 0 = -2*d - n*x + 70, 5*d - 3*x = 72 + 71. Calculate the greatest common divisor of 124 and d.
31
Let v = 18 + -18. Suppose v = -15*p + 13*p + 4. Suppose p*u + 342 = 4*x, -2*x - 4*u + 169 = -3*u. What is the greatest common factor of x and 17?
17
Suppose -234 = -5*x - 4*h + 53, -5*h = -5*x + 305. Suppose -6*z + 43 = -x. What is the greatest common divisor of z and 51?
17
Let a be 1/(-3) - 704/(-33). Let u = -8 + a. Suppose 2*z - z - u = 0. What is the highest common factor of 26 and z?
13
Suppose 0 = -5*o + 3*f + 738, o = 3*o + 4*f - 290. Calculate the highest common divisor of o and 196.
49
Suppose -5*y - 5*